{"id":2,"date":"2022-02-11T10:01:36","date_gmt":"2022-02-11T09:01:36","guid":{"rendered":"http:\/\/osteopathe-claye-souilly.fr\/?page_id=2"},"modified":"2022-02-22T13:02:08","modified_gmt":"2022-02-22T12:02:08","slug":"page-d-exemple","status":"publish","type":"page","link":"https:\/\/osteopathe-claye-souilly.fr\/?page_id=2","title":{"rendered":"Qui suis-je ?"},"content":{"rendered":"\n<div class=\"wp-block-media-text alignwide is-stacked-on-mobile\" style=\"grid-template-columns:47% auto\"><figure class=\"wp-block-media-text__media\"><img loading=\"lazy\" decoding=\"async\" width=\"388\" height=\"516\" src=\"http:\/\/osteopathe-claye-souilly.fr\/wp-content\/uploads\/2022\/02\/65551310_2291966540894967_21258547209783.webp\" alt=\"\" class=\"wp-image-34 size-full\" srcset=\"https:\/\/osteopathe-claye-souilly.fr\/wp-content\/uploads\/2022\/02\/65551310_2291966540894967_21258547209783.webp 388w, https:\/\/osteopathe-claye-souilly.fr\/wp-content\/uploads\/2022\/02\/65551310_2291966540894967_21258547209783-226x300.webp 226w\" sizes=\"auto, (max-width: 388px) 100vw, 388px\" \/><\/figure><div class=\"wp-block-media-text__content\">\n<p class=\"has-medium-font-size\">Bonjour\u00a0! Je suis issue d&#8217;une formation en 6 ans au sein de l&#8217;Ecole Sup\u00e9rieure d&#8217;Ost\u00e9opathie\u00a0(ESO) r\u00e9pondant aux normes universitaires de l&#8217;Union Europ\u00e9enne.<\/p>\n\n\n\n<p><\/p>\n\n\n\n<h2 class=\"has-large-font-size wp-block-heading\" id=\"en-quoi-consiste-ma-formation\" style=\"font-style:normal;font-weight:600\">En quoi consiste ma formation ?<\/h2>\n\n\n\n<p class=\"has-medium-font-size\">Plus de 5 500h de cours pour aboutir \u00e0 la pr\u00e9sentation d&#8217;un m\u00e9moire devant un jury international et l&#8217;obtention du Dipl\u00f4me Fran\u00e7ais d&#8217;Ost\u00e9opathe.<\/p>\n\n\n\n<p><\/p>\n\n\n\n<h2 class=\"has-large-font-size wp-block-heading\" id=\"et-la-pratique\" style=\"font-style:normal;font-weight:600\">Et la pratique ?<\/h2>\n\n\n\n<p class=\"has-medium-font-size\">Lors de cette formation j&#8217;ai effectu\u00e9 plus de 400 consultations au sein de la clinique ost\u00e9opathique de l&#8217;ESO ainsi que de nombreux encadrements sportifs et\u00a0\u00e9v\u00e9nementiels<\/p>\n<\/div><\/div>\n\n\n\n<p><\/p>\n","protected":false},"excerpt":{"rendered":"<p>Bonjour\u00a0! Je suis issue d&#8217;une formation en 6 ans au sein de l&#8217;Ecole Sup\u00e9rieure d&#8217;Ost\u00e9opathie\u00a0(ESO) r\u00e9pondant aux normes universitaires de l&#8217;Union Europ\u00e9enne. En quoi consiste &hellip; <\/p>\n","protected":false},"author":1,"featured_media":0,"parent":0,"menu_order":0,"comment_status":"closed","ping_status":"open","template":"","meta":{"footnotes":""},"class_list":["post-2","page","type-page","status-publish","hentry","latest_post"],"_links":{"self":[{"href":"https:\/\/osteopathe-claye-souilly.fr\/index.php?rest_route=\/wp\/v2\/pages\/2","targetHints":{"allow":["GET"]}}],"collection":[{"href":"https:\/\/osteopathe-claye-souilly.fr\/index.php?rest_route=\/wp\/v2\/pages"}],"about":[{"href":"https:\/\/osteopathe-claye-souilly.fr\/index.php?rest_route=\/wp\/v2\/types\/page"}],"author":[{"embeddable":true,"href":"https:\/\/osteopathe-claye-souilly.fr\/index.php?rest_route=\/wp\/v2\/users\/1"}],"replies":[{"embeddable":true,"href":"https:\/\/osteopathe-claye-souilly.fr\/index.php?rest_route=%2Fwp%2Fv2%2Fcomments&post=2"}],"version-history":[{"count":5,"href":"https:\/\/osteopathe-claye-souilly.fr\/index.php?rest_route=\/wp\/v2\/pages\/2\/revisions"}],"predecessor-version":[{"id":117,"href":"https:\/\/osteopathe-claye-souilly.fr\/index.php?rest_route=\/wp\/v2\/pages\/2\/revisions\/117"}],"wp:attachment":[{"href":"https:\/\/osteopathe-claye-souilly.fr\/index.php?rest_route=%2Fwp%2Fv2%2Fmedia&parent=2"}],"curies":[{"name":"wp","href":"https:\/\/api.w.org\/{rel}","templated":true}]}}